x) = x**3 - 37*x - 30. What are the prime factors of u(10)?
2, 3, 5
Let w(n) = n**2 - 3*n - 7. Let x be w(5). Suppose h - 3*c = 47, x*h - 5*c = -c + 151. List the prime factors of h.
53
Suppose 4665 = -119*d + 122*d. What are the prime factors of d?
5, 311
Suppose 0 = 29*u - 52*u + 30935. What are the prime factors of u?
5, 269
Let v = -45 - -33. Let d(o) = o**3 + 13*o**2 + 10*o + 8. What are the prime factors of d(v)?
2
Suppose -2*d + 59*k + 1360 = 64*k, -4*k - 16 = 0. What are the prime factors of d?
2, 3, 5, 23
Let h(t) = 16*t + 25. Suppose -11*x - 40 = -16*x. List the prime factors of h(x).
3, 17
Let v be (18/4)/((-5)/(-10)). Suppose -4 = -4*s + 4. Let q = v - s. What are the prime factors of q?
7
Let a be 54*2 - (8 - 4). Let z = -39 + a. What are the prime factors of z?
5, 13
Let g be 16991/26 + (-2)/(-4). Let n be g/4*14/21. Let z = n - 78. List the prime factors of z.
31
Let k(o) = -5*o + 3. Let a be k(-5). Suppose 0 = 2*x + 2*c + a, -3*x - 28 = -c - 2. What are the prime factors of 555/x*(-6)/9?
37
Let b = -33 - -33. Let u be 2 + (1 - b) + 3. Suppose -4*d + 3*v + 253 = 0, d + 350 = u*d + 3*v. List the prime factors of d.
67
What are the prime factors of (2/3*1)/((-36)/(-90450))?
5, 67
Suppose -2*l + 2*k = -642, -5*l - 26 + 1625 = -3*k. List the prime factors of l.
2, 3, 53
Suppose -a - 5*m = -19, 0*m + 143 = 5*a + m. Let y = a + -25. Suppose -2*z + 24 = y*i, z = 4*z + 2*i - 28. What are the prime factors of z?
2
Let p = -15 + 15. Let g be (-1 - 1) + 9 - p. Suppose -t + g = -0. What are the prime factors of t?
7
Let w = -37 + 51. List the prime factors of 891/7 + w/(-49).
127
Let o be (-1 + 1 - 2)/(-2). Suppose -5*i + 5*t - 55 = 0, 3*t + o = 7. Let q(u) = 2*u**2 + 12*u + 4. What are the prime factors of q(i)?
2, 29
Suppose -5*l + 3*q = 73, -2*l + 4*l = -3*q - 25. Let m be (-6 - -2)/(l/(-35)). Let j(u) = -3*u - 6. List the prime factors of j(m).
2, 3
Let h be (-2)/(-7) - 23/7. List the prime factors of 15 - h/(0 + 3).
2
Suppose -2*w - w = -9. Let h be -1 + -14 - (-5 + w). Let s = 2 - h. List the prime factors of s.
3, 5
Suppose 8*k - 1143 = 5*k. List the prime factors of k.
3, 127
Let f = 69 - 66. Suppose 0 = f*g - 4 - 95. What are the prime factors of g?
3, 11
Let w(b) = b**2 - 11*b - 192. List the prime factors of w(24).
2, 3, 5
Let s be 1 + (-12)/4*116. Let k = -242 - s. What are the prime factors of k?
3, 5, 7
Let k(h) = -13*h**2 - 6*h + 2. Let u(f) = f. Let m(b) = -k(b) - 6*u(b). Let q be m(2). List the prime factors of (0 - q/(-4))*2.
5
Let d = 74 + 289. List the prime factors of d.
3, 11
Suppose -4*y + 90 = 3*h, -6*y + 2*y = -12. Let x = -22 + h. List the prime factors of (-42)/x*4/(-6).
7
Let n(r) be the first derivative of -4*r**2 - 74*r + 46. List the prime factors of n(-18).
2, 5, 7
Suppose -3*u = -3*f + 2*f - 22, 4*u = 2*f + 26. Suppose 0 = -0*r - u*r + 810. List the prime factors of r.
2, 3, 5
Let h = 885 + -414. List the prime factors of h.
3, 157
Let i(v) = v**2 - v + 4. Let y be i(0). Suppose -o + y*o - 81 = 0. What are the prime factors of o?
3
Suppose 24*p - 21*p = 6228. List the prime factors of p.
2, 3, 173
Suppose 4*j - 3 - 249 = -4*b, -2*b = -j - 123. Suppose -3*l = g - 350, -3*l + 5*g = -0*l - 374. Let d = l - b. What are the prime factors of d?
2, 7
Let z(v) be the second derivative of 5*v**3/6 - 33*v**2/2 + 4*v. What are the prime factors of z(15)?
2, 3, 7
Let r(u) = -u**3 - 3*u**2 - u + 2. Let m be r(-2). Suppose 4*j - 4*c - 276 = m, -4*j + 2*j + c = -138. What are the prime factors of j?
3, 23
Let y(r) = 17*r**2 + 2*r - 21. List the prime factors of y(7).
2, 7, 59
Let v(r) = 53*r**2 + 2*r + 6. List the prime factors of v(3).
3, 163
Let p(a) = a**3 - 5*a**2 + 9*a - 3. What are the prime factors of p(6)?
3, 29
Suppose -3*y + 5*o + 142 = 0, -o = 3*y + o - 170. Suppose 7*p + 42 = -2*v + 2*p, 2*v = -2*p - y. Let c = 8 - v. What are the prime factors of c?
3, 13
Suppose -2*k + 3 = -3. Let d(u) be the third derivative of u**5/60 + u**4/8 + u**3/2 + 106*u**2. What are the prime factors of d(k)?
3, 7
Let y(c) = 23*c**2 + 16*c + 26. What are the prime factors of y(-5)?
521
Let r = -12 + 5. Let p = -9 - r. What are the prime factors of 36/4 + p/(-1)?
11
Suppose k = 2*a - 4, 4*k + 1 = 4*a - 7. Suppose -3*u + 89 + 16 = k. Let r = u - 10. What are the prime factors of r?
5
What are the prime factors of (-605 + -7)*(-22)/8?
3, 11, 17
What are the prime factors of (-18)/(-8)*(-636)/(-9)?
3, 53
Suppose -5*v = -3*x + 8, -6*v - 9 = -v - 4*x. Let b(w) = -6*w - 2. Let l be b(v). Suppose c + l*i + 13 = -0*i, c + 18 = -5*i. List the prime factors of c.
7
Let t(l) = 8*l - 1201*l**2 - 6 + 7*l + 1213*l**2 - l**3. List the prime factors of t(12).
2, 3, 29
List the prime factors of 7020/16 + (-4)/80*-5.
439
Let a = 16 - 13. List the prime factors of 2824/20 + a/(-15).
3, 47
Suppose -1268 = -5*b - 4*z + 5247, -5*z = 25. What are the prime factors of b?
1307
Let a = 141 - 94. Let y = a - 22. Suppose -4*t = -39 - y. What are the prime factors of t?
2
Let c = -58 - -61. Suppose -235 = -c*b + 440. List the prime factors of b.
3, 5
Suppose 8*k = 6*k - 10. Let p = k - 4. Let j = 34 + p. What are the prime factors of j?
5
Suppose -5*i - 3*q + 5346 = 0, 8*i - 2130 = 6*i - 4*q. What are the prime factors of i?
3, 7, 17
Let z = 5962 + -1530. List the prime factors of z.
2, 277
Let i be (-72)/33 - (32/44)/(-4). List the prime factors of 1 + 3 + (-1)/(i/516).
2, 131
Suppose -9*y = -y - 48. Suppose 10*g - 604 = y*g. What are the prime factors of g?
151
Let x be 313/6 + (-7)/42. List the prime factors of 2/13 - (-3580)/x.
3, 23
Suppose 4*f - 6255 = 5*a, -3*f - 2*a + 4677 = -a. What are the prime factors of f?
2, 3, 5, 13
Let s(g) = 4*g + 8*g + 7 + 3*g**2 - 11*g + 3*g. List the prime factors of s(6).
139
What are the prime factors of (-4 + 6)*-148*(-9)/6?
2, 3, 37
Let j(i) be the second derivative of -i**3 + 41*i**2/2 - 30*i. List the prime factors of j(0).
41
Let x(b) = -b**3 + b**2 - b - 22. Let s be x(0). Let q = 61 + s. List the prime factors of q.
3, 13
Let g = 168 - 23. Suppose -6*j + g = -59. What are the prime factors of j?
2, 17
What are the prime factors of (-80)/(-6)*(-12069)/(-54)*1?
2, 5, 149
Suppose -2*v = -1111 + 311. Let h = v + -232. What are the prime factors of h?
2, 3, 7
Let n(d) = 748*d - 25. What are the prime factors of n(2)?
1471
Let k be 5 + (0 - 6) - 1*-5. Suppose k*o - 1314 = -2*o. List the prime factors of o.
3, 73
Let n = -7 - 1. Let q = n + 146. List the prime factors of 1/((-2)/q*-3).
23
Suppose f - 3*n = n + 62, 3*n = -5*f + 218. Let y be (-4)/14 + f/14. Suppose -3*l + 4 = 3*r - 95, -3*r = -y*l - 81. List the prime factors of r.
2, 3, 5
Suppose 4*k - 44 = 2*k. Suppose -k = 19*j - 20*j. List the prime factors of j.
2, 11
Suppose -5*z + 24 = -3*z - 4*d, -z + 3*d = -17. Let q(s) = -19*s + 17 + s**2 + 3*s + s**3 + 10*s**z. What are the prime factors of q(-12)?
5, 13
Let u(y) be the first derivative of y**2/2 + 13*y - 25. What are the prime factors of u(7)?
2, 5
Suppose 291 = 6*r - 117. Suppose r + 3 = a. What are the prime factors of a?
71
Suppose 0 = -0*h + 5*h + 10, 0 = -3*s + 2*h + 538. What are the prime factors of s?
2, 89
Suppose 5 = -4*z + 5*z. Suppose -z*m = 23 + 7. What are the prime factors of m/8 - (-126)/8?
3, 5
Let t = -6 - -5. Let l(g) be the second derivative of -25*g**3/6 + g**2/2 - 10*g. List the prime factors of l(t).
2, 13
Suppose -3*a = 5*b - 2025, -3*a + 129 = -4*b + 1776. What are the prime factors of b?
2, 3, 17
Let w(f) = f**2 + 5*f - 2. Let l be w(-5). Let d(b) = -1 + 3 - 2 - 5 - 8*b. What are the prime factors of d(l)?
11
Suppose 4*d = -d - 4*s + 286, -s - 59 = -d. Let i = 101 - d. List the prime factors of i.
43
Let v = 8 + -11. What are the prime factors of (-1)/(v*(-5)/(-1275))?
5, 17
Let z(r) = r**2 + 16*r + 3. Let k be z(-11). Let j = 111 + k. List the prime factors of j.
59
Suppose 0 = 3*l - 2*l + 9. Let n(p) = p + 46. List the prime factors of n(l).
37
Suppose 7*p + 836 = 18*p. What are the prime factors of p?
2, 19
Suppose 0 = -3*y, -3*t + t - 5*y - 244 = 0. Let a = t + 177. List the prime factors of a.
5, 11
Suppose -3*n + 5*x + 1844 = 0, -9*n + 3064 = -4*n + x. What are the prime factors of n?
613
Let w(o) = -10*o - 36. Let b be w(-4). List the prime factors of 240 - -1 - 5 - b.
2, 29
L